. Let r = -258 - y. Is r composite?
False
Let p(b) = b**2 + 8*b - 16. Let n be p(-8). Suppose -4*m + 117 = -m. Let q = m + n. Is q prime?
True
Let q be 75*(-92)/(-6) + -2. Suppose -5*c + 387 = -q. Is c prime?
True
Let r(y) be the third derivative of y**5/60 + y**4/3 + 5*y**3/6 + 4*y**2. Suppose -w = -6*w - 50. Is r(w) composite?
True
Let j be (3 + -4)*1*-47. Suppose -v + j = -93. Is (-6)/18 - v/(-6) a prime number?
True
Let w = -2326 - -3281. Is w prime?
False
Suppose -298 = -4*a + 4738. Is a composite?
False
Suppose z - 5*y - 282 = 234, -3*z - y + 1628 = 0. Is z a prime number?
True
Let o = -1005 - -1636. Is o a composite number?
False
Let v = 36 - 19. Suppose 0 = -0*b + 4*b. Suppose b = -i + v + 17. Is i prime?
False
Let g be (4/(-6))/(4/(-1308)). Suppose -t = -2*k - k + 342, -2*k + 4*t + g = 0. Is k composite?
True
Suppose 4*t = -t + 4*l + 11, -l = -1. Let u(j) = -29*j**3 + 2 - j**2 - 1 + 6*j**t. Is u(-1) a composite number?
False
Let m(j) = -5*j - 5. Is m(-4) a composite number?
True
Let v = -71 - -198. Is v a prime number?
True
Let m = -4 + 21. Let g be 12/18 + 64/(-6). Let h = m + g. Is h a prime number?
True
Let m(t) = -t**3 + t**2 + 2*t - 6. Let i be m(4). Let s(p) = p**3 - 3*p**2 - 6*p - 3. Let w be s(6). Let o = w + i. Is o prime?
True
Is (2 - 4)/12 - (-6295)/6 prime?
True
Is (-12)/16 - 6134/(-8) a prime number?
False
Suppose 25 = -5*y, 2*m + 2*y + 319 = 3*y. Let q = m - -241. Is q a composite number?
False
Suppose -3*n + 4*o - 4238 + 18445 = 0, -2*o = -3*n + 14215. Is n a composite number?
True
Suppose 0 = -11*o + 16*o. Let x(h) = 4*h - 3*h + 3 + 11. Is x(o) a composite number?
True
Suppose 6*n = 2*n + 3*i + 24, 0 = -4*i - 16. Suppose 2 = -2*g - 5*u, -2*g - u - 6 = -n*g. Suppose -g*a = -5*m - 172, m = -a + 3*a - 80. Is a prime?
False
Let k = -1 - -5. Suppose -k*w = 4*p + w - 112, 5*p - 161 = -w. Is p prime?
False
Let r be ((0 - 0)/(-1))/(-1). Let o be -112 + 3 - (-1 - r). Let b = -13 - o. Is b prime?
False
Let j be 8/6*(-18)/(-4). Suppose 0 = j*x - 5*x - 38. Suppose 3*q = q + x. Is q a prime number?
True
Let j(w) = -171*w - 14. Let y(a) = -34*a - 3. Let z(n) = 2*j(n) - 11*y(n). Is z(9) a prime number?
True
Suppose c - 2*x = -175, -2*c + x - 188 - 165 = 0. Let r = c + 308. Is r a prime number?
True
Suppose 0*s - 5*o = s - 27, 2*o - 10 = 0. Is 1*-354*(-1)/s composite?
True
Suppose 3*q = 0, r = -r + 5*q - 6. Let y be (7 + r - 2) + 143. Suppose v + y = 2*v. Is v prime?
False
Let u(f) = 3*f**2 - 1. Let j(x) = x**2 + 10*x - 10. Let y be j(-11). Let q be u(y). Suppose 58 + 16 = q*d. Is d a composite number?
False
Let g = 29 + -9. Suppose 183 - g = m. Is m composite?
False
Let r = -40 - -23. Let i = r + 218. Is i a prime number?
False
Let g(f) be the second derivative of -f**5/20 + 115*f**2/2 + f. Is g(0) a composite number?
True
Suppose -3*q + 13 + 6 = -4*n, 23 = 4*q - 3*n. Let t be (q - 7) + -1 + 8. Suppose 0 = -3*o + 3, 5*o + 211 = t*p - 169. Is p composite?
True
Let k(z) = -z**3 + z**2 + 4*z. Let i(h) = h**3 - h**2 - 5*h. Let g(b) = 3*i(b) + 4*k(b). Is g(-3) a composite number?
True
Suppose 3*d = -4*h + 2*h + 101, 180 = 3*h - 5*d. Is h composite?
True
Suppose 5*t - 3 = 7. Suppose t*q - 21 = -q. Is q prime?
True
Let h(x) = 220*x**2 + 3*x + 1. Is h(2) composite?
False
Suppose 2*m + 2*m = 356. Is m a prime number?
True
Let k = 0 + 4. Suppose 4*p - 425 = 5*z, -k*z - p + 158 = 519. Let t = 144 + z. Is t a prime number?
False
Suppose -3*a = 3*q - 1008, -2*a - 160 = -4*q - 862. Is a a composite number?
True
Suppose -1120 = -8*i + 3*i. Suppose 4*q + 5*d - i = 45, 0 = 2*q - d - 145. Is q a composite number?
False
Is (-9)/(3/(-1)) + 1052/1 a composite number?
True
Let m be (-8 - -6)*5/2. Is 2 - 2 - (-162 - m) prime?
True
Is ((-2)/2)/(5/(-1775)) a composite number?
True
Let w = -199 + 286. Is w a prime number?
False
Suppose 317 = -2*s + 3*s. Is s prime?
True
Is ((-2)/6)/(5/(-7005)) composite?
False
Let s(l) = -2 - 34*l + 12*l - 18*l. Is s(-3) composite?
True
Let s = -19 + 19. Suppose 0 = -l - 5, s = 2*b - 0*l - 5*l - 1067. Is b a composite number?
False
Let w(f) = -f**3 - 3*f**2 - 10*f - 9. Is w(-6) composite?
True
Suppose 4*i = 1578 + 50. Is i a prime number?
False
Let s = -13 - 65. Let a(g) = -g**3 + 9*g**2 + 7*g + 7. Let b be a(8). Let t = b + s. Is t a composite number?
True
Let n = 15 + -5. Is 3734/n - 22/55 prime?
True
Suppose -1400 = -2*u - 4*f - 0*f, 3*f = 9. Is u composite?
True
Suppose 3*f - 3143 = -0*f - 2*z, -3*f - z = -3145. Is f composite?
False
Suppose -n = 3*n + 680. Let w = n - -315. Is w a prime number?
False
Let j = -445 + -97. Let g = -381 - j. Is g a composite number?
True
Let x = -642 + 979. Is x prime?
True
Let j be (2 + (1 - 21))*-1. Suppose 4*d = 2*m - 26, 7*m - 3*m - 2*d = 28. Let o = j + m. Is o a composite number?
False
Suppose 0*g = 2*g - 8. Suppose -g*k = -3*k - 255. Suppose 0*j + k = 5*j. Is j a composite number?
True
Suppose 5*c - 8 = -4*p, 0 = -8*p + 3*p + 10. Suppose -5*o + c*o = -615. Is o composite?
True
Let u = -4 - 3. Is (-1)/(((-21)/(-66))/u) a prime number?
False
Let a = -742 + 1140. Is (-1 + a - -1)/2 a prime number?
True
Let q = -2770 - -4719. Is q a prime number?
True
Is ((-4)/4)/(25025/12515 + -2) composite?
False
Let j(v) = 12*v**3 - 2*v**2 + 3*v - 5. Is j(2) composite?
False
Suppose -12 = 3*z - 6*z. Suppose 1 - z = -w. Suppose w*a - a = -n + 39, -5*a = n - 96. Is a composite?
False
Let x = -5 + 196. Is x composite?
False
Let i(v) = 5*v**3 - 16*v**2 - 4*v + 4. Is i(7) a composite number?
False
Let r(f) = -5*f**3 - 12*f**2 - f - 7. Let x(z) = -9*z**3 - 24*z**2 - 3*z - 14. Let a(p) = 7*r(p) - 4*x(p). Is a(-8) a composite number?
False
Let b be 130/14 + (-14)/49. Let u be (-2)/(-3) + 30/b. Suppose -2*r - 3*i = -r - 40, -5*r = -u*i - 143. Is r a composite number?
False
Let a = 190 - -448. Suppose 0 = 5*d - 5*p - 795, 5*d - a = d + 5*p. Is d a prime number?
True
Let s(j) = j + 5. Let d be s(14). Let y = 295 + d. Is y a composite number?
True
Let k = -335 + 1198. Is k a prime number?
True
Suppose 3*u - 1338 = -3*u. Is u prime?
True
Let t(w) = -2*w - 6. Let f be t(-4). Is 46/(f/15*3) a prime number?
False
Let s = -58 + 117. Is s a composite number?
False
Let x = -3026 - -6787. Is x prime?
True
Let p = -85 - -123. Suppose p = 6*n - 4*n. Is n a composite number?
False
Suppose -z + 3*z - 2 = 0. Is 79*((0 - 0) + z) composite?
False
Let g(a) = -99*a + 2. Let r be g(-2). Let o = -43 + r. Is o prime?
True
Is 148737/27 - 4/(-18) a prime number?
False
Suppose 2*k + 4*x - 1499 = -3*k, -k + x + 307 = 0. Is k prime?
False
Let p = 10 + -13. Is (139/3)/(p/(-9)) composite?
False
Let u(r) = 109 + 0*r - 2*r + 4*r - r. Is u(0) prime?
True
Suppose s = 3*o - 1590, -4*o - 3*s + 2*s + 2113 = 0. Is o a composite number?
True
Suppose -14 + 0 = -k. Let b(i) = 2*i**2 + 6*i + 8. Let d be b(-7). Suppose 3*z - k = d. Is z prime?
False
Suppose o - 76 - 112 = -4*b, -2*o + 371 = 3*b. Let n = 263 - o. Is n a composite number?
False
Let j = -30 + 88. Let x = j + 48. Suppose -x = -0*r - 2*r. Is r a composite number?
False
Suppose 0 = -2*s + 4*k + 120, -3*s - 2*k - 42 = -238. Let f = s - 33. Let w = f + -16. Is w prime?
False
Let p(y) = -4*y - 1. Let x be p(-2). Let g = -4 + x. Suppose -j = g*j - 88. Is j composite?
True
Let y = 12 - -16. Suppose 4*v - y + 12 = 0. Suppose 2*n + v*r - 242 = 0, 142 = n + 5*r + 9. Is n prime?
True
Suppose m + 3 = -3*p, -5*m + 2*p - 80 = 4*p. Is 81/m*58/(-3) a prime number?
False
Let y = 1041 - 146. Suppose -1667 = -3*h + 3*s + 988, h = -4*s + y. Is h a composite number?
False
Suppose -2*x + 30 = -4*o, -36 = -4*x - 4*o - 0*o. Is x a prime number?
True
Let i = -5 + 1. Is (-2)/(-8) + (-147)/i composite?
False
Let k(v) = 0*v + 50*v**2 + v - 11*v**2. Let p be k(1). Suppose 0*n - n + 3*a = -22, -5*a = -2*n + p. Is n composite?
True
Let q(o) = o**2 + 5*o + 1. Let h be q(-5). Let s be 15/(h/(-1 - -2)). Suppose -5*w + 55 = 5*j, -2*w + 5*j + s = -0*w. Is w a prime number?
False
Suppose 0*l + 8 = 4*l. Suppose -5*w = 3*j - 174, 4*w = -0*j + l*j - 94. Suppose 2*b - 3*h = 59, 45 + j = 4*b - 2*h. Is b a prime number?
False
Let a(s) = -s**3 + 149. Is a(0) prime?
True
Suppose -3*k + 5*s = -112 - 880, -330 = -k + 2*s. Is k a prime number?
False
Let f(c) = 17*c + 1. Let g(v) = -v + 1. Let k(l) = f(l) + 4*g(l). Is k(6) prime?
Tru